t is the thousands digit of p?
1
Let i be (0 + 1)*12/4. Suppose -4*w = -i*w + 1. Let j(z) = 33*z**2 + z. What is the tens digit of j(w)?
3
Let k(n) = n**2 + 7. Suppose 4*x - b - 16 = -5*b, -4*b = 4. Suppose -5*h = -x*w - 40, -w - h = -5*w - 23. What is the units digit of k(w)?
2
Let s(p) = -p**2 - 3*p - 1. Let i be s(-2). Let a be (0 - i)*(-2 + -3). Suppose -24 = -a*m + 91. What is the tens digit of m?
2
Suppose -12 = -j + 1. Suppose -j = -0*u - u. Suppose -2*l = -u - 135. What is the units digit of l?
4
Suppose 35*g - 19*g = 7040. What is the tens digit of g?
4
Let f(o) = 50*o**2 - 6*o + 42. What is the thousands digit of f(5)?
1
Suppose 6*l - l - 8328 = -4*j, j - 2065 = 3*l. What is the hundreds digit of j?
0
What is the units digit of 9/6 - -1 - (-585)/6?
0
Let g = -28 + 13. Let k(t) = -5*t - 20. What is the tens digit of k(g)?
5
Suppose 6*d - 10 = d. Let u(l) = l - 5 + l**2 + l**2 + 0*l**d - 3*l. What is the tens digit of u(-4)?
3
Suppose 4*v = 5*d - 27 - 8, 0 = -5*v - 5*d - 10. Let a(m) = -4*m - 10. What is the units digit of a(v)?
0
Let o be (-20)/6*12/(-10). Let v = -143 - -146. Suppose -u + 25 = -2*l, -42 = -o*u + v*l + 68. What is the tens digit of u?
2
Let u(f) = 11*f**2 - 2*f - 1. Let b(r) = r + 4. Let w(v) = -3*v - 8. Let z(t) = 5*b(t) + 2*w(t). Let p be z(5). What is the tens digit of u(p)?
1
Let s(m) = -m**2 + 18*m - 33. Let o be s(19). Let h = 59 - o. What is the tens digit of h?
1
Suppose 5*v + 7*j - 2653 = 9*j, -1046 = -2*v - 3*j. What is the units digit of v?
9
Suppose -b = -22*k + 18*k + 622, 5*k - 3*b = 774. What is the units digit of k?
6
Let d = 11 + -9. Suppose -4*p = -d*m - 16, -3*m = -3*p + 10 + 2. Suppose p*r = 75 + 21. What is the units digit of r?
4
Suppose -3*k + 174 = 30. Suppose -8*b - k = -6*b. What is the units digit of 54/(-1)*b/36?
6
Let t(p) = -9*p + 10. Let s(m) = 14*m - 15. Let k(q) = -5*s(q) - 8*t(q). Let f be k(4). Suppose 16 + f = w. What is the tens digit of w?
1
Let o(z) = -z**3 - 11*z**2 + 12*z - 4. Let y be o(-12). Let w be -50 - -4*y/(-8). Let p = 75 + w. What is the units digit of p?
7
Let f(x) = -419*x**3 + 2*x**2 + 4*x + 3. What is the hundreds digit of f(-1)?
4
Let n(g) be the second derivative of g**4/6 - 17*g**3/6 + 5*g**2 + 17*g. What is the units digit of n(9)?
9
Let x(w) = w**3 + 5*w**2 - 6*w + 5. Let j be x(-6). Suppose a - j*a = -212. What is the tens digit of a?
5
Let n = -86 - -217. Let k = 272 - n. What is the units digit of k?
1
Suppose h = -8*h + 3060. What is the hundreds digit of h?
3
Suppose 0 = -4*k + 2*s + 1937 + 81, 0 = k + 4*s - 491. What is the units digit of k?
3
Let p(q) = -q**3 + 4*q**2 - q - 1. Let t(z) = -z + 8. Let w = 8 - 3. Let o be t(w). What is the units digit of p(o)?
5
What is the tens digit of (-424)/(-742) - 34278/(-14)?
4
Let u(m) = -m**3 + 15*m**2 + 13*m - 32. Let q be u(13). Suppose 4*h - q + 35 = 0. What is the tens digit of h?
1
Let w(a) = 5*a**2 + 2*a - 9. Let b(n) = 6*n**2 + n - 10. Let l(o) = -4*b(o) + 5*w(o). Let h(r) be the first derivative of l(r). What is the tens digit of h(5)?
1
Let u be (972/8 + 1)*144/20. What is the tens digit of ((-2)/3)/((-3)/u)?
9
Let o(h) = 17*h + 3. Let j(m) = -17*m - 2. Let q(r) = -3*j(r) - 4*o(r). What is the units digit of q(-3)?
5
Let d be ((-7)/(-2))/7*138. Let n be 6/(-10) - d/(-15). Suppose 18 = z - n*m, 4*z + m = 39 + 33. What is the tens digit of z?
1
Suppose -12 = 4*n, -4*c - 2*n + 5574 - 1800 = 0. What is the units digit of c?
5
Let y(w) = -2*w + 210. Let j(f) = -f + 1. Let u(t) = -3*j(t) + y(t). Let p be u(0). Let z = -146 + p. What is the tens digit of z?
6
What is the thousands digit of (-1)/(5 + 7116/(-1423))?
1
Let r(f) = -2*f**3 - 3*f**2 + 2*f - 4. Let y be r(-3). Let x = 22 - y. Suppose 4*h - 20 = 0, 0 = 5*l + x*h - 303 + 58. What is the tens digit of l?
4
Suppose 3*c + 2*c = 40. Let w(s) = s**2 - 9*s + 10. Let v be w(c). Suppose 0 = v*o - 0*o - 124. What is the units digit of o?
2
Suppose -1 + 13 = 4*p + 5*i, 0 = -3*p + 3*i + 9. Suppose -2*x - 3*r = -95, 5*x + p*r - 135 = 2*x. What is the units digit of x?
0
Let o(a) be the third derivative of -43*a**4/12 + a**3/3 + 39*a**2. What is the units digit of o(-2)?
4
Let i(p) = -p**2 + 3*p + 7. Let o be i(3). Suppose 3*k = -6, 9*t - 2*k - 100 = o*t. What is the tens digit of t?
4
What is the tens digit of (-113498)/(-77) - (2 + 1)?
7
What is the units digit of (-436)/16*(-1 + -11)?
7
Let p(x) = 16*x + 34. What is the tens digit of p(11)?
1
Let h be -9*(-4)/36*3. Suppose h*l = 2*l + 159. What is the units digit of l?
9
Suppose 2*g + g - 42 = 0. Suppose 0 = 175*h - 174*h - 5. Suppose 0 = h*t - 25, -4*d + 73 = -t + g. What is the tens digit of d?
1
Let q(a) = -3*a + 40. Let s be q(12). Suppose -s*h = -h - 90. What is the tens digit of h?
3
Let s = 105 + -63. Suppose 0 = 4*z + 8, 0 = -2*h + 7*h - z - s. Suppose 4*q + h = 0, 0 = -5*j + q + 2*q + 81. What is the units digit of j?
5
Let z(q) = q**3 + 37*q**2 - 42*q - 53. What is the units digit of z(-36)?
5
Let z be (1 + -1)/(1 - 3). Suppose -8 = -2*l - z. Suppose q = 2*q - l. What is the units digit of q?
4
Let l = -7272 - -11304. What is the units digit of l?
2
Suppose -f + 2*q = -2*f - 5, -5*f + 5*q = -50. Suppose -f*v = -3*l + 87, -l + 2*l + 2*v - 29 = 0. What is the tens digit of l?
2
Let v(r) be the first derivative of 5*r**2/2 - r - 4. Let z be v(1). Suppose -d - 1 = -z. What is the units digit of d?
3
Let b be 2/3*(-90)/(-15). What is the tens digit of 6/(-27) - (b - 155/9)?
1
Suppose k + 2*k = -5*q + 3, -k - 2*q = -1. Let n(b) = 9*b**3 + 3*b**2 - 2*b. What is the tens digit of n(k)?
1
Suppose -3*n + 6 = -12. Suppose -n*z + 8*z = 156. Let v = z + -47. What is the units digit of v?
1
Suppose 4*a - 2*a = -4. What is the units digit of a/(2 - 36/15)?
5
Suppose 0 = -6*t + 1183 + 599. Let j = t + -194. What is the units digit of j?
3
Let m(q) = 141*q - 4. Let k be m(4). Suppose 6*w - k = -w. What is the units digit of w?
0
What is the units digit of (-2)/(-3) + 12060/135?
0
Let s be -3 - (-2 - (1 + -2)). Let c(p) be the second derivative of p**4/3 - p**3/6 + 87*p. What is the units digit of c(s)?
8
Let g(x) = 8*x - 25. Let u = 17 - 5. What is the tens digit of g(u)?
7
Let i(u) = -9*u - 1. Let m be i(-6). Let s = m - 83. What is the units digit of (-32)/(-5) - 18/s?
7
Suppose 2*z = -2*z + 3*a + 180, z - 50 = 2*a. Suppose -3*r + 27 = -z. Let i = r + -15. What is the units digit of i?
8
Suppose a - 4 + 4 = 0. Suppose 1341 = 9*v - a*v. What is the units digit of v?
9
Suppose -j + 4*l = -3979, 5*j - 5*l + 4024 = 6*j. What is the units digit of j?
9
Let h(y) = 41*y**2 + y + 4. What is the tens digit of h(-2)?
6
Let u(j) = 3*j + 6. Suppose -2*n + 3*h = 0, 0 = -4*n - h - 16 + 2. Let y(t) = -t**2 - 6*t - 5. Let r be y(n). What is the tens digit of u(r)?
1
What is the tens digit of -5*197*-10*5/10?
2
Let y(o) = 3*o**3 - 17*o**2 + 32*o + 52. What is the units digit of y(13)?
6
Suppose 3*f + 20 = x, -5*f - 50 = -5*x - 0*f. Suppose -9 = 4*i + g, -2*g + 0*g = x*i + 15. What is the units digit of 0/i - 15/(-1)?
5
Let k(u) = -5*u - 4. Let l(q) = -11*q - 9. Let i(o) = 13*k(o) - 6*l(o). Let g be i(-6). What is the tens digit of (-7 - g)/((-3)/43)?
4
Let s be 3/(20/6 + -3). Let p(q) = -8*q - 3*q + 0*q - s + 10. What is the tens digit of p(-1)?
1
Let j = -35 - -173. What is the tens digit of j?
3
Suppose 2*c = -5*t + 256, 274 = 2*c - 2*t - 2*t. Suppose -107 = 5*v + c. Let s = v - -88. What is the units digit of s?
0
Suppose 32*f + 1820 = 35*f + 4*p, -5*f + 3*p = -3014. What is the tens digit of f?
0
Let a be (6/(-12))/(3/(-18)). Suppose 0 = 3*q + 2*k, a*q = -2*q + k. Suppose r - 78 = -s - 15, q = 3*r. What is the tens digit of s?
6
Let w(p) = -p**3 + 7*p**2 + 3*p - 8. Let t be w(6). Let v be -10 + 7 - (2 - (12 + -3)). Suppose -v*f + 54 = -t. What is the tens digit of f?
2
Let s(r) = 2*r**2 + 4*r + 3. Let g be s(-2). Suppose 3*h + 477 = 3*i, -h + 639 = g*i + 170. What is the hundreds digit of i?
1
Let g(y) = -y**2 + 1. Let k be -1 + 1 + 1 + 0. Let r be g(k). Suppose -4*m + 20 + r = 0. What is the units digit of m?
5
Suppose -w = -104 + 10. What is the units digit of w?
4
Let d = -400 - -670. Suppose -3*l = -5*z - d, l - 32 - 58 = -2*z. What is the tens digit of l?
9
Let g(u) = -4*u - 5. Let b(d) = d - 1. Suppose 2*h - 4 = -5*y - h